er when 24 is divided by r(-3).
6
Let i(v) = -3*v - 29. Let h be (-5)/((-25)/4)*-5. What is the remainder when i(-18) is divided by 1 + (-16)/h + 2?
4
Let c(s) be the first derivative of -s**3/3 - 2*s**2 + 3*s - 6. Let i be c(-4). Suppose 21 = 3*z + i. Calculate the remainder when z is divided by 5.
1
Let d = -12 - 4. Let f be 24/d - (-2)/4. What is the remainder when (-42 + 4)*(-2 + f) is divided by 29?
27
Suppose 4*d - 795 = 3*k, 2*d + 2*d = 4*k + 796. What is the remainder when d is divided by 63?
9
Let x(p) = p**2 + 10*p + 5. Let m(t) = -t**3 - 3*t**2 - 4*t - 3. Let z be m(-3). Suppose -g = -z - 20. What is the remainder when g is divided by x(-10)?
4
Let t = -1185 - -1322. Calculate the remainder when t is divided by 21.
11
Let v(q) = 25*q + 160. Calculate the remainder when v(21) is divided by 98.
97
Let a = 28 + -21. Suppose -38 = -a*u + 6*u. Suppose 0*z + 65 = 5*z. What is the remainder when u is divided by z?
12
Suppose -2*f + 4*z = -172, z - 1 = 2. Calculate the remainder when 919 is divided by f.
91
Let x = 2 + 7. Let n(r) = r + 12. Calculate the remainder when (-7)/(42/1098)*1/(-3) is divided by n(x).
19
Let n(c) = -56*c - 27. Let x be n(-1). Suppose j = 3*j - 2. Suppose 4*d + j = x. What is the remainder when 27 is divided by d?
6
Suppose 3*f = -2*f + 190. Suppose -1 = -j, -5*m + 2*j + 653 + 290 = 0. Calculate the remainder when m is divided by f.
37
Let r(b) = b**2 - 3. Let w be r(0). Let g = 4 - w. Let f(j) = j**3 - 6*j**2 - 6*j. Calculate the remainder when 26 is divided by f(g).
5
Calculate the remainder when 12 - (2 - -6) - -31*2 is divided by 56.
10
Let h(y) = -y**3 - 6*y**2 - 6*y - 1. Let m(u) = -u**3 - 7*u**2 - 5. Let a be m(-7). Let c be h(a). What is the remainder when 78 is divided by (-40)/(4/c*-2)?
18
Let v be ((-68)/(-20) + 1)*(7 + -12). Let u = 6 + -4. Calculate the remainder when 41 is divided by (-3 - (v + 0)) + u.
20
Let p be (1/(-1))/((-1)/5). Suppose -131 = -p*c + 84. Suppose -2*f + 19 + c = 0. What is the remainder when 60 is divided by f?
29
Suppose 0*d = -d + 3. Suppose 2*y + 50 = 2*c, -d*y + 13 = 1. Suppose -4*f = -121 + c. What is the remainder when f is divided by 5?
3
Let k = 305 + -287. Calculate the remainder when 35 is divided by k.
17
Let x(y) = -14*y - 13. What is the remainder when 3*-1 + (4 - -3) is divided by x(-1)?
0
Suppose 0 = -4*s - 5*l + 53, 0 = -11*l + 6*l + 5. What is the remainder when 9/3*3*(-44)/(-9) is divided by s?
8
Let o(p) = p**3 + 10*p**2 - 4*p - 13. What is the remainder when o(-7) is divided by 45?
27
Let z be 3/(22/(-33)*3/(-10)). Let s(k) = -k**3 + 15*k**2 + k + 3. Calculate the remainder when 44 is divided by s(z).
8
Suppose 4*i + 37 = j + 197, -2*i + 66 = -4*j. What is the remainder when 203 is divided by i?
39
Let q = -563 - -574. Calculate the remainder when 151 is divided by q.
8
Suppose -5*r + 45 = 2*p - 75, p = -2*r + 47. Let h = 32 - r. Calculate the remainder when 86 is divided by (2/4)/(h/348).
28
Suppose 0 = -g - 12922 + 12959. Calculate the remainder when 251 is divided by g.
29
Let u = 116 - 113. Calculate the remainder when 58 is divided by u.
1
Let k = -61 + 101. Let b = -17 + k. Calculate the remainder when b is divided by 8.
7
Let p = 39 - 75. Let i = p + 49. Suppose 100 = 2*b - 0. What is the remainder when b is divided by i?
11
Let u(f) = 2*f**3 + 25*f**2 - 16*f - 38. Suppose -2*i + 3 = -5. Calculate the remainder when i is divided by u(-13).
0
Let j = 218 - 95. What is the remainder when j is divided by 5?
3
Suppose -14*n - 378 = -35*n. Calculate the remainder when n is divided by 11.
7
Let a(r) = -2*r + 20. Suppose w + 4*k - 10 = -2*w, w = -2*k + 6. Calculate the remainder when w/(-4)*-5*-6 is divided by a(6).
7
Let f be (-5 - -2)*(1 + -56 + 0). Let b = f - 161. What is the remainder when 52 is divided by b?
0
Let f(w) be the first derivative of w**4/4 + 2*w**3 - 2*w**2 - 2*w - 1. What is the remainder when 6/(-9) - (-388)/6 is divided by f(-6)?
20
Let v = 731 + -313. Calculate the remainder when v is divided by 107.
97
What is the remainder when -6*8/(-12) - (-3 + -10) is divided by 3?
2
Suppose 236 = 5*y + 56. Let x = y - 29. Calculate the remainder when 12 is divided by x.
5
Suppose 3090 = 2*p + 28*p. Calculate the remainder when p is divided by 28.
19
Let h = -29 + 22. What is the remainder when 7 is divided by (2/6)/(h/(-42))?
1
Let z(n) = -6*n - 173. Calculate the remainder when (-305)/(-4) - (-1)/(-4) is divided by z(-31).
11
Let r(k) = -k**2 + 2*k - 2. Suppose -5 = -v, -2*m + 0*m - 2*v = -14. Let t be r(m). Calculate the remainder when 68*((-5)/(-2) + t) is divided by 18.
16
Suppose -12*s = -16*s. Suppose s = -2*y - 3*y + 25. Suppose -y = 5*k, -4*d - 68 + 240 = 4*k. Calculate the remainder when d is divided by 15.
14
Let a be (-194)/(-8) - (12/(-3))/(-16). What is the remainder when 63 is divided by 208/a*9/6?
11
Calculate the remainder when (1218/36)/(4 - (-115)/(-30)) is divided by 90.
23
Let h(o) = -27*o - 31. What is the remainder when h(-20) is divided by 57?
53
Suppose 3*h - 44 = -2*m + 2*h, -h - 94 = -4*m. Let i = m - 9. Let u = -19 - -45. What is the remainder when u is divided by i?
12
Suppose -5 = -2*l + 5, 4*v - 74 = 2*l. Suppose 5*u - 4*n - 2 = 25, 30 = 5*u - 5*n. Let q = v - u. Calculate the remainder when 51 is divided by q.
15
Let w = 2183 - 2132. What is the remainder when 1120 is divided by w?
49
What is the remainder when 662*5*(-2)/(-20) is divided by 9?
7
Suppose -81 = -0*c - 3*c. What is the remainder when c is divided by ((-24)/10 + 7 - 4)/((-1)/(-10))?
3
Calculate the remainder when 147 is divided by 25 - (32 + -26 + -7 + -1).
12
Suppose -7*y + 80 = -158. Calculate the remainder when 65 is divided by y.
31
Suppose 10*t - 10 + 70 = 0. Suppose -2*m = -11 + 1. Calculate the remainder when m is divided by ((-1)/1)/(t/(21 + -3)).
2
Let i(n) be the third derivative of -2*n**6/15 - n**5/15 - n**4/6 - n**3/2 - 4*n**2. Calculate the remainder when i(-2) is divided by 30.
27
Let j(q) = q**2 - 5*q + 18. Suppose -s + 7 + 1 = 0. Calculate the remainder when j(s) is divided by 11.
9
Suppose 15*l - 760 = -4*l. Suppose 4*s + 5*a = 8*s + 39, 5*s - a = -33. Let o = s - -28. Calculate the remainder when l is divided by o.
18
Let p(m) = -6*m + 5. Let c = 20 + -27. Let j = -16 - c. Calculate the remainder when p(j) is divided by 20.
19
Let j be 3/((-12)/128*2). Let p = 19 + j. Calculate the remainder when 61 - p/(3 + -2) is divided by 15.
13
What is the remainder when 573 is divided by ((-48)/5)/((-18)/180)?
93
Let g = 68 + -65. Suppose -p - 32 = -g*p. What is the remainder when 77 is divided by p?
13
What is the remainder when 1065 is divided by 1640/120 + (-4)/6?
12
Suppose -3*u = 6, -3*c + u + 34 = c. Let s be (-4)/1 - c/(-1). What is the remainder when 56 is divided by 1*s/(-12)*-60?
16
Suppose n - 4*m - 20 - 78 = 0, -3*m = -4*n + 444. Suppose 228*w + 129 = 229*w. Let x = -100 + w. What is the remainder when n is divided by x?
27
Let i(v) be the second derivative of v**4 - 5/3*v**3 + 0 - 1/20*v**5 + 7*v + 5*v**2. Calculate the remainder when 60 is divided by i(11).
18
Let u be (-2)/(-1 + (-57)/(-51)). Let g = u - -65. Let y = -22 + g. Calculate the remainder when y is divided by 14.
12
Let k = 776 + -762. Suppose 26 = -4*g - 6. Let v(t) = t**2 + 7*t. Calculate the remainder when k is divided by v(g).
6
Let i = -5 + 13. Suppose -3*z = 5*v - 92, 2*v = -4*z + 28 + 118. What is the remainder when z is divided by i?
7
Suppose -22 = -5*c + 53. Suppose 480 = -11*m + c*m. Suppose -3*p - 3*j + m = 2*p, -2*p = -2*j - 32. What is the remainder when 81 is divided by p?
18
Let b = -1068 - -1373. Calculate the remainder when b is divided by 46.
29
Suppose -4*u + q + 395 = 4*q, 2*u + 5*q = 201. What is the remainder when u is divided by 79?
19
Let l = -21 - -24. Let t = l + 2. Let q(h) = h**3 - 3*h**2 - 4*h + 3. What is the remainder when q(t) is divided by 17?
16
Suppose 6*x - 1305 = -9*x. What is the remainder when x is divided by 47?
40
Let j = -580 - -683. Calculate the remainder when j is divided by 54.
49
Let o = 72 - 11. Let j = 63 + -31. What is the remainder when o is divided by j?
29
Suppose -3*i = -n - 451, 5*i + n = -3*n + 780. Let r = i - -8. Suppose -f - f = 4*c - r, -5*c = -5. Calculate the remainder when f is divided by 20.
18
Calculate